.
-36
69 + (-42 - -11) + -37 + 41
42
What is (223 - 18) + -254 + (0 - 12)?
-61
What is the value of 15 - -1 - (-20687 + 20665)?
38
Calculate -45 - 2 - (677 + -681).
-43
What is -2 + (-18 - 1 - (478 - 505)) - (-113 - -1)?
118
What is (118 - 91) + -18 + 0 + -36?
-27
Calculate -5 - -3 - 3 - (0 - -20 - (-750 - -768)).
-7
What is (-5 - (-5 + -17)) + (-7 - ((4 - -13) + -22))?
15
Evaluate (-14 + 33 - 50 - -33) + -126.
-124
What is -78 + 0 - (10277 + -10418)?
63
-7 + 28 + (-82 - (26 + 18))
-105
Calculate -32 + (-62 - (-73 + -54)).
33
What is 10 - 7 - (2 + (-6 - 9) - (-6 + -3))?
7
Calculate 15 + -20 + (-11 - -22) + -68 + 2.
-60
What is 18 + (139 + -65 - 94)?
-2
Evaluate 2 - 17 - (-211 + -47 + (72 - -35)).
136
What is the value of (-6 - (-12 + 5 + -9)) + -3 + -17?
-10
71 + -7 + (5 - -4) - (-104 + 109)
68
Calculate 4 + 3 + (190 - 217).
-20
-55 + (-4 - 0) + 17 + 0 + 24 + -33
-51
What is 1 + -4 + -9 + 12 + (-14 - -16) - -63?
65
Calculate 1 - 49 - (856 + -868).
-36
Calculate 19 + (-7 + 32 + -4 - -11).
51
What is 0 + (-10 - (-23 - -23 - -13))?
-23
What is 17 + -70 + 14 + 72?
33
(-73 + 96 - 41) + 39
21
What is -9 + 0 + -1649 + 1629?
-29
What is the value of 44 + -44 - ((-2 - 7) + -25 + 28)?
6
What is 7 + 50 + -121 + 76?
12
What is 39 + -9 + -6 + -4 + -20?
0
Evaluate (2 - (38 + -25)) + -4 + 8.
-7
Calculate (-108 + 127 - (28 - 0)) + 21 - (0 - 51).
63
What is the value of (89 - (14 - 9)) + (9 - 28 - -14)?
79
Evaluate 19 - (17 + (156 + -143 - (24 - 1))).
12
What is the value of (-76 - (-68 - 4)) + 64?
60
5 + (29 - 3) + -7 + 1
25
Calculate -61 + (24 - 33) + 120.
50
-23 - (-5 + 13 + -4 - (2 + 8))
-17
Calculate 60 - 63 - ((4 - 7) + -3 - -43).
-40
-66 + (-5 - (27 - (10 + 42)))
-46
What is (12 - (-9 + -1) - (136 - 98)) + 78?
62
What is the value of 7 - ((-22 - (-9 - 0) - -8) + (-1 - -87))?
-74
What is the value of 20 + -11 + (-7 - (3 + (7 - 20)))?
12
Calculate (-8 - (-12 - (11 + 9 + -33))) + 43.
34
What is the value of -65 + 0 + 0 + (-7960 - -7955)?
-70
-29 + (98 - 20) - 69
-20
Calculate (-15 - 5) + (0 - (7 - (2 + -13))).
-38
Evaluate 45 - (-113 + 89) - (0 - -23).
46
102 + -106 + (-1 - 6)
-11
What is the value of -4 + -2 + -140 + 148 + (4 - (44 - -1))?
-39
What is the value of -59 - ((-14 - (-27 - 4)) + -13)?
-63
Calculate -79 - (-102 + 20) - -46.
49
Calculate (-10 - -86) + (531 - 635).
-28
-36 + (10 - -2) + -3 + -20 + 7 + 9
-31
What is (-897 - -989) + (2 + -4 + -20 - -4)?
74
22 + (-2 - -9) - 10
19
What is -16 - (32 + (-2 - 2 - (163 - 154)))?
-35
Calculate 8 + (25 - ((-26 + 22 - (-5 + -1)) + 6)).
25
Calculate 12 + -8 + -22 + (-12 - -3) + 3.
-24
Calculate 9 + -58 + 38 - -39 - 42.
-14
Evaluate 77 + -25 + -12 + -7.
33
What is -38 + -15 + 135 - 20?
62
Evaluate 33 - (77 + -26 + 50).
-68
Calculate -29 + 113 + (64 - 129).
19
What is the value of (-45 - -4) + 81 + 47?
87
Calculate -109 + 109 + -40 + 0 - -15.
-25
9 - ((-1 - (-35 + 1)) + -80 + 66)
-10
Calculate -2 + 0 - (41 - (-28 - (-76 - 5))).
10
(2 - -33) + -8 + 2 + -20 + 18
27
Calculate ((13 - (44 - 12)) + 2 + 6 - -13) + -38.
-36
Evaluate 152 + -100 + 57 + -107.
2
Evaluate 138 - (18 - (-269 + 266 + (2 - -23))).
142
Evaluate 15 + -19 + ((10 - 8) + -3 - -7).
2
4 - (-5 + -3 + 4) - (-312 - -273)
47
100 + (37 - 119 - -53)
71
Evaluate 2 + 1 + (-4 - -1) + (-102 - -49) + 48.
-5
What is -39 - (-38 - (-67 + 61))?
-7
What is (24 - (-5 + 9 + 5)) + (-67 - 0)?
-52
What is 6 + (22 - -2 - (-25 + 92))?
-37
What is (-121 - (-76 + -52)) + (-23 - (-3 - -2))?
-15
17 - (18 + -29 + -79 + (1 - 3))
109
What is the value of (-2 - 21) + (-165 - -161)?
-27
(-1 - 3) + 45 + (82 - 91)
32
What is the value of (-1 + 40 - (3 - (25 - 12))) + -5?
44
-2 - ((-31 - (-8 + -1)) + 3 + (9 - 4))
12
What is -6 - (-17 + 16 - (-12 - -24)) - (0 + 19)?
-12
(106 - 168) + (-3 + 1 - -1) + -5
-68
What is the value of (-59 - 46) + 47 + 77?
19
-5 - (20 + 3 + (27 - 85))
30
(-49 - -16 - 7) + 11 + -4 + -2
-35
What is the value of 1 + -4 + 2 - (28 + (47 - (94 - 14)))?
4
Calculate -9 - (-5 + 13 - (-37 - -21)).
-33
What is the value of (-130 - (-111 + -24)) + (1 - -2)?
8
What is (-1 - 33) + (1187 - 1145) + (-107 - (3 + -4))?
-98
68 + 2 + (189 - 210) - (4 - -15)
30
Calculate -1 - 21 - 6 - -64 - (9 + -1).
28
-78 + (32 - (-15 - -27)) + -19
-77
What is the value of (-8 - -7 - (-1 + 0)) + (-7 - 5) + 29?
17
Calculate -8 + -60 - -12 - -10 - (-45 + 54).
-55
What is the value of -5 + (11 + -57 - -1)?
-50
(-1 - (-49 - -108)) + 28
-32
What is the value of 51 - (31 - (-4 + 26))?
42
What is the value of -44 + (17 - -16 - 38) + -37?
-86
What is -183 + 170 + (55 - 1) + -4 + 3?
40
Evaluate 86 + 3 + -2 + (3 - -6) + 10 + -7.
99
Evaluate 34 + 91 - 88 - -52.
89
Calculate -71 - (34 + 93 - 266).
68
What is the value of (12 + -5 - 6 - 8) + 13 + -67?
-61
What is the value of ((-1 - 22) + 26 - -12) + 12?
27
Calculate 52 - (-40 + (16 - 24) + 32).
68
Calculate -7 + (-6 + (-16 - -33) + -18 - -26).
12
Calculate -5 - (21 + (-32 - (5 - -3))).
14
What is the value of 5 - (28 - (-30 + 38)) - -83?
68
Evaluate (1 - 27) + (219 - 185) - -18.
26
Evaluate -80 - (164 - 155) - (-7 - -4 - 20).
-66
What is 20 + 57 + -44 - 27?
6
-12 + (53 - 54 - (-10 + (-9 - 3 - -4)))
5
(-26 - -15) + 113 + (-22 - 13)
67
-65 + (-44 - (-27 + -90))
8
What is 1 - (2 + -14) - (35 + -93 + 68)?
3
Evaluate -44 - (-13 + -20) - -56.
45
What is the value of -14 - (-27 + (-4 - -5) + 16 + 25 + 8)?
-37
-38 + (-34 - (14 - 83))
-3
Evaluate 7 + -4 + 11 - (-15 - (49 + -9)).
69
Calculate -32 + (-17 + 43 - (1 + 33)).
-40
(51 - 1) + (-158 - -166 - 8)
50
What is (-28 - (-25 - (-16 + 11))) + 1 + 2 + -3?
-8
What is the value of 9 + (4 - -1 - (-74 + (-1 - -27) + 10))?
52
What is (-27534 - -27631) + (17 - (1 + -1)) + 17?
131
Calculate 44 - (11 + -16 - -42).
7
What is 3 + -1 + (-12 - -2 - -29 - 88)?
-67
Calculate -1 + -24 + (-132 - 5) + 131.
-31
(-82 - -128) + -53 - -144
137
72 + (-51 - -20 - (-2 - -15))
28
What is the value of -47 + (-91 - -156) + 48?
66
-11 + -4 + 25 + (-3 - (0 + 63))
-56
Calculate (-542 - -545) + 27 + -4 + 7.
33
-8 + 13 - ((-17 + 1 - -6) + 10)
5
Evaluate (7 - 33 - -9) + (3 - 1) + -61.
-76
What is -15 + 9 + -46 + 62?
10
What is -75 - -60 - ((-39 - (-1 - -1)) + 3)?
21
Calculate -9 - (16 + (-40 - -66)).
-51
What is 1365 + -1319 + 44 + -4?
86
What is the value of -71 - (22 + -28 - (31 + -14))?
-48
Calculate 136 + (-180 - -112 - -62).
130
What is the value of -51 + -34 + 82 - (1 + -25)?
21
What is -1 + -47 + -1 + -1 + -108 + 103 + -11?
-66
Evaluate 13 - (73 - (-4 - ((2 + -9 - 2) + 10))).
-65
What is the value of -2 + (-2 - ((-2 - -9) + -26 + 7)) + -68?
-60
What is the value of 85 + -58 - 10 - (-7 + 138)?
-114
Calculate -60 - (15 + (-5 - 13) + (21 - 1)).
-77
Calculate -8 + (0 + -17 - (-7 - (42 + 36))).
60
18 - (-77 + 86 - (-1 - -4)) - 8
4
What is the value of 32 - (50 + -35 + 56)?
-39
What is the value of 53 + -59 - 67 - -28?
-45
Calculate 18 + -23 + 56 + (-9 - 2).
40
What is the value of -8 - (6 + (4 - 3) - (6 - -11) - -19)?
-17
48 - 166 - -107 - (0 + -1 - -69)
-79
Evaluate (13 - -16) + 6 - (-47 - -17).
65
What is 12 + -6 + 10 + -12 + 17 + -18?
3
Evaluate (4 - 8) + (-16 - (-17 - -2)) + 11 - -19.
25
What is 45 - (96 + -44 - -39)?
-46
What is the value of (-13 - 18) + 30 - -9?
8
24 + (-78 - (-126 - -92))
-20
What is the value of 92 - (-2 - ((-2 - -2) + (8 - 39) + 25))?
88
(-290 - -296) + (-10 - 1) - -47
42
What is the value of (30 - ((3 - -27) + 14)) + 0?
-14
(-14 + -34 + 24 - 40 - 8) + (0 - -5)
-67
Calculate -2 + -1 + 50 + (-266 - -263) - 7.
37
Evaluate 13 - ((14 - 61) + 20 - -23).
17
1 - (2 + 0) - ((43 - -1) + (27 - 43))
-29
(4 + -15 - 14) + 29 - (45 - (-2 + 3))
-40
Calculate 3 + -6 + 9 + -3 + -619 + 635.
19
Evaluate 92 + -27 + (-369 - -390).
86
Calculate 17 - 1 - (-20 + 7 + 74).
-45
Calculate 87 + -345 - -165 - ((-20 - 0) + 1).
-74
84421 - 84410 - ((1 + 13 - 2) + -2)
1
Calculate 367 + -557 + (88 - 1).
-103
Calculate -39 - -13 - (27 - (-20 - -52)).
-21
Calculate 39 + (-11 - (((-8 - 17) + -1 - -1) + 3)).
50
What is (0 + 44 - 5) + 1 - (-65 + 62)?
43
What is -40449 - -40464 - ((0 - -2) + 2 - 2 - -23)?
-10
Calculate -108 + 69 + 69 + -62.
-32
56 - (-17 - (11 + -11 + -1))
72
What is the value of (-14 - -12) + 2 + -3 + 21 + -10 - 58?
-50
-5 + (-37 - (-33 - -13))
-22
What is the value of -7 + 32 + -33 + 16 - (3 - 2 - 4)?
11
Evaluate 21 + -79 + 68 - (2 - 42).